s 2335 a factor of 32924405?
False
Is 90 a factor of 69768?
False
Does 7 divide 3745035?
True
Does 65 divide 5361?
False
Is 58 a factor of 28932?
False
Is 246298 a multiple of 61?
False
Is 152 a factor of 1502368?
True
Does 23 divide 26473?
True
Is 1424260 a multiple of 159?
False
Is 724 a factor of 8316588?
True
Does 12 divide 49509?
False
Does 937 divide 12010466?
True
Is 22 a factor of 325292?
True
Does 607 divide 4967081?
True
Is 13 a factor of 202280?
True
Does 3 divide 2609568?
True
Is 161 a factor of 4394?
False
Is 47064 a multiple of 74?
True
Does 49 divide 220360?
False
Does 266 divide 352716?
True
Is 125 a factor of 732500?
True
Is 9 a factor of 13007286?
True
Does 33 divide 580508?
False
Is 2290 a multiple of 2?
True
Does 109 divide 248956?
True
Is 119412 a multiple of 423?
False
Does 523 divide 9154437?
False
Does 8 divide 69838?
False
Is 3130264 a multiple of 59?
False
Is 6853035 a multiple of 27?
False
Is 10 a factor of 315896?
False
Is 10121221 a multiple of 6?
False
Is 14 a factor of 685704?
False
Is 8 a factor of 468346?
False
Is 18825459 a multiple of 351?
False
Is 701952 a multiple of 43?
False
Is 18 a factor of 93343?
False
Does 253 divide 1585921?
False
Does 5 divide 47115?
True
Is 1397 a factor of 7809377?
False
Does 218 divide 537328?
False
Does 17 divide 409887?
True
Does 3 divide 167946?
True
Is 5427199 a multiple of 549?
False
Is 158 a factor of 377977?
False
Is 100649 a multiple of 12?
False
Is 955612 a multiple of 58?
False
Is 4 a factor of 1904327?
False
Does 10 divide 1992590?
True
Is 1899 a factor of 13129686?
True
Is 21197 a multiple of 47?
True
Does 342 divide 962497?
False
Is 185668 a multiple of 14?
True
Is 1943928 a multiple of 266?
True
Is 58764 a multiple of 116?
False
Is 438265 a multiple of 5?
True
Is 28 a factor of 1253802?
False
Is 180 a factor of 88200?
True
Does 241 divide 275463?
True
Is 71 a factor of 1274297?
False
Is 350550 a multiple of 205?
True
Is 79 a factor of 278712?
True
Is 103 a factor of 40151088?
False
Does 18 divide 2308572?
True
Does 15 divide 148096?
False
Is 29 a factor of 895933?
False
Is 330577 a multiple of 59?
True
Is 25 a factor of 1675975?
True
Does 4 divide 456085?
False
Is 202 a factor of 5954152?
True
Is 283 a factor of 19810?
True
Is 2 a factor of 244?
True
Does 36 divide 21586137?
False
Is 3122022 a multiple of 47?
True
Does 5 divide 49502?
False
Is 3754015 a multiple of 8?
False
Is 13 a factor of 302148?
False
Is 80 a factor of 3972092?
False
Does 312 divide 221675?
False
Is 3143892 a multiple of 228?
True
Does 1764 divide 5782392?
True
Does 14 divide 3727356?
False
Is 153168 a multiple of 48?
True
Is 605475 a multiple of 345?
True
Is 19 a factor of 142937?
True
Is 371474 a multiple of 1066?
False
Is 211883 a multiple of 16?
False
Is 67 a factor of 1454142?
False
Does 144 divide 3010032?
True
Does 8 divide 19819?
False
Does 10 divide 911601?
False
Does 10 divide 11228520?
True
Does 102 divide 21699?
False
Is 248 a factor of 4815416?
True
Is 5548962 a multiple of 210?
False
Is 2877966 a multiple of 29?
False
Does 23 divide 191176?
True
Is 974879 a multiple of 558?
False
Does 5 divide 90700?
True
Is 2475286 a multiple of 22?
True
Is 8399160 a multiple of 14?
True
Is 14 a factor of 17140676?
True
Is 355875 a multiple of 75?
True
Is 447 a factor of 18929556?
True
Is 10 a factor of 9370976?
False
Is 10908156 a multiple of 994?
True
Does 11 divide 503678?
False
Is 39 a factor of 9401574?
True
Does 7 divide 4038146?
True
Does 134 divide 108808?
True
Is 16 a factor of 229808?
True
Is 305 a factor of 953625?
False
Is 462895 a multiple of 18?
False
Is 57178 a multiple of 5?
False
Is 1321740 a multiple of 913?
False
Is 10 a factor of 95809?
False
Is 416209 a multiple of 48?
False
Does 2 divide 38287?
False
Is 1270008 a multiple of 6?
True
Is 40535 a multiple of 65?
False
Does 137 divide 121793?
True
Is 1380 a factor of 4188300?
True
Is 79061 a multiple of 114?
False
Is 28 a factor of 10672844?
True
Does 154 divide 215908?
True
Is 367665 a multiple of 325?
False
Is 40129 a multiple of 2?
False
Is 8 a factor of 1188758?
False
Is 3 a factor of 1199140?
False
Is 237 a factor of 6082508?
False
Is 1429 a factor of 4491278?
False
Is 3270 a multiple of 15?
True
Is 741739 a multiple of 37?
True
Is 46 a factor of 8326?
True
Is 4 a factor of 134784?
True
Is 681912 a multiple of 126?
True
Is 10 a factor of 138444?
False
Does 349 divide 309912?
True
Does 111 divide 6081801?
True
Is 3179421 a multiple of 251?
False
Is 42 a factor of 8715462?
True
Is 55068 a multiple of 39?
True
Does 8 divide 209984?
True
Does 14 divide 286965?
False
Is 52635 a multiple of 136?
False
Is 2 a factor of 1035385?
False
Is 1192 a factor of 6505936?
True
Is 103 a factor of 60873?
True
Does 19 divide 1395835?
True
Is 1178 a factor of 372197?
False
Is 20024133 a multiple of 151?
False
Does 116 divide 548141?
False
Is 34 a factor of 5131756?
True
Is 147896 a multiple of 9?
False
Is 2635182 a multiple of 9?
True
Does 592 divide 3137990?
False
Does 5 divide 5549?
False
Does 768 divide 10239780?
False
Does 26 divide 57278?
True
Is 4854945 a multiple of 79?
True
Does 54 divide 13627818?
True
Is 188 a factor of 328436?
True
Is 55 a factor of 827913?
False
Is 61326 a multiple of 301?
False
Is 94647 a multiple of 16?
False
Does 7 divide 5735868?
False
Is 7 a factor of 996387?
True
Does 36 divide 305152?
False
Is 866956 a multiple of 148?
False
Is 3530487 a multiple of 49?
False
Is 10 a factor of 227329?
False
Is 3272722 a multiple of 26?
False
Does 59 divide 350401?
True
Is 1142713 a multiple of 566?
False
Is 1008 a factor of 2965536?
True
Is 402 a factor of 82893?
False
Is 465104 even?
True
Is 389431 a multiple of 213?
False
Is 10 a factor of 761130?
True
Is 11542991 a multiple of 15?
False
Is 53 a factor of 15830040?
True
Is 18150 a multiple of 2?
True
Is 99 a factor of 1152162?
True
Does 6 divide 292445?
False
Is 3951816 a multiple of 44?
True
Does 140 divide 858700?
False
Is 35 a factor of 10462459?
False
Does 8 divide 2757655?
False
Is 115213 a multiple of 109?
True
Is 7850 a multiple of 3?
False
Does 24 divide 1198800?
True
Does 79 divide 115103?
True
Does 370 divide 3393270?
True
Is 225 a factor of 157139?
False
Is 52 a factor of 1123252?
True
Is 4 a factor of 1958?
False
Is 97299 a multiple of 91?
False
Is 20154256 a multiple of 368?
True
Is 19 a factor of 8542759?
False
Is 49 a factor of 19767335?
True
Is 156 a factor of 20020884?
True
Does 180 divide 877652?
False
Does 112 divide 3038000?
True
Is 1438 even?
True
Is 111038 a multiple of 479?
False
Does 24 divide 661704?
True
Does 14 divide 11800206?
False
Does 14 divide 3246112?
False
Does 13 divide 6378255?
True
Is 7962733 a multiple of 181?
True
Is 774056 a multiple of 8?
True
Is 8 a factor of 37368?
True
Is 164 a factor of 28920?
False
Is 395051 a multiple of 123?
False
Does 778 divide 441126?
True
Does 20 divide 99200?
True
Is 1640203 a multiple of 506?
False
Does 147 divide 5363323?
False
Does 140 divide 1255194?
False
Is 116734 a multiple of 4?
False
Is 7 a factor of 826?
True
Is 14 a factor of 57581?
False
Is 127 a factor of 58852?
False
Does 650 divide 16958504?
False
Does 25 divide 84887?
False
Is 751643 a multiple of 202?
False
Does 100 divide 190100?
True
Is 4356521 a multiple of 175?
False
Is 259300 a multiple of 27?
False
Is 260 a factor of 731683?
False
Is 25 a factor of 583600?
True
Does 9 divide 466996?
False
Is 32 a factor of 4112352?
True
Does 13 divide 639?
False
Is 188126 a multiple of 170?
False
Does 73 divide 217102?
True
Is 721 a factor of 169238?
False
Is 85800 a multiple of 55?
True
Is 3455686 a multiple of 26?
True
Does 35 divide 240386?
False
Is 19 a factor of 976917?
False
Is 1898145 a multiple of 45?
True
Does 11 divide 2816?
True
Is 480767 a multiple of 340?
False
Is 251378 a multiple of 86?
True
Does 224 divide 2753856?
True
Does 305 divide 957682?
False
Is 364758 a multiple of 119?
False
Does 276 divide 4850976?
True
Does 620 divide 7209922?
False
Is 1314138 a multiple of 14?
True
Does 38 divide 389582?
False
Does 160 divide 15299680?
True
Is 27 a factor of 120069?
True
Is 4618568 a multiple of 328?
True
Does 71 divide 4170279?
False
Is 1471006 a multiple of 94?
True
Is 800040 a multiple of 10?
True
Is 196040 a multiple of 520?
True
